-1 - 12))
-58
What is 1016 + -961 + (-35 - 0)?
20
What is -29 + (-14 - (-37 - -16)) - (17 - 5)?
-34
-1 - (3 + -2 + 44) - (603 + -603)
-46
What is 31 - (80 + (-27 - (-35 - -20)))?
-37
Calculate -1 - -36 - (-19 - (-4 - 44)).
6
Calculate 2 - (-3 + (-70 - -114)).
-39
What is 15 + (5 - 2 - (-16 - (-13 + 8)))?
29
Calculate (-23 + 47 - 26) + 24 - (-85 - -17).
90
-11 + 118 + (-13 + 0 - ((13 - 13) + -17))
111
What is the value of (-24 - -34) + 3 + -21 + -105 + -7 - 4?
-124
What is -5 - (-14 - (-47 + (-13 - -6) - 1 - 9))?
-55
What is (5 - 8) + 4 - (-44 + 63 + -22)?
4
Evaluate 14 + 1 + -9 + (-107 - -42).
-59
What is -20 - (-81 + 33 - (-17 + -2))?
9
Evaluate (135 - 136 - (0 + -4)) + 2 + (38 - -3).
46
-24 + (54 - (19 + (-7 - 28)))
46
Evaluate (-3 - -3) + -19 + (-164 - -158) + 4 + 1.
-20
What is the value of -79 + 29 - -82 - 78?
-46
Evaluate 22 - -7 - (-57 - (-36 + 53)).
103
Calculate -10 + (-59 - (3 + -9)) + -33 + 45.
-51
3846 - 3984 - (-2 + -82)
-54
Evaluate 7 + -24 + 3 + 2 - (44 + -104) - -9.
57
Evaluate (0 - (1 + 10)) + (-16 - (75 - 17)) + -11.
-96
Evaluate (-8 - -31 - 52) + -1 + 15.
-15
Evaluate 8 + (-2 - 8) + -3 + 15 + 38.
48
19 + (18 - 7) + -19 + -37
-26
What is the value of -17730 + 17705 - (1 + (0 - -1))?
-27
Calculate 1 + 2 + -12 + 51 + -42 + 43.
43
10 - (0 - -7 - (1 - 24)) - -96
76
What is the value of -11 + 14 + 24 + -12 - (-28 + -2)?
45
What is the value of -10 + -1 + (52 - 12) + -17 + 26?
38
0 + -27 + 34 + -118 - (0 - -12)
-123
Calculate 63 - 29 - (-75 - -133).
-24
Calculate -2 + -31 + -14 + 77.
30
What is the value of (16 + 37 - 12) + (6 - -1)?
48
25 + (10 + -13 + -7 - 2) + 14
27
What is the value of (13735 - 13840) + -1 + 22 + 0?
-84
Calculate -231 + 221 + -4 + 1 + 30 - 12.
5
What is -12 + (-3 - -2) + (-589 - -576)?
-26
5 + 0 + 10 + -10 - (8 + 13 + 48)
-64
Calculate 57 - (51 - 26 - 16) - -34.
82
What is (20 - 0) + -67 + (-66 - -153)?
40
What is the value of -13 + (-8 - (-89 - -52))?
16
Evaluate -1 + 2 + (437 - 491).
-53
What is the value of (1 - 13) + (-35 - (-179 - -166 - (1 + -1)))?
-34
-12 - (34 - (-14 + 36 - 25))
-49
What is -3 + 40 - (184 + -174)?
27
Evaluate 5 + -11 - ((-11 - -2) + 70 + -38).
-29
What is the value of 126 + -113 + (45 - (0 - -1))?
57
121 - -47 - 169 - (19 - -2)
-22
Evaluate -10 - 2 - (10 + (3 - (6 - -1))).
-18
Evaluate (111 - (31 - -85)) + (2 - (-2 - -34)).
-35
What is the value of -11 + (2 - (-27 - -16)) + -5 + 9?
6
What is 12 - (-2 + 0) - 34 - 15?
-35
Calculate -5 + -16 + (66 - 15).
30
What is 198 - -1 - (97 + 160 + -207)?
149
-74 - (-74 + -1) - (0 + (-6 - 0)) - -4
11
What is the value of 1858 + -1969 + (1 - -62)?
-48
What is the value of 9 - -10 - (-5 - -3 - -40)?
-19
Evaluate 1 - 7 - (-3820 - -3798).
16
Evaluate -10 - (-39 + (-3 - -1 - (0 - -6))).
37
What is (-32 - 22) + 81 + (2 - 22)?
7
Evaluate 53 - (-3 - (3 - (-17 + -5 + 10))).
71
Evaluate 2 - -95 - (48 + -106 + 32).
123
Evaluate 8 - (-22 + -9 + (8 + -5 - -3) + 8).
25
What is -6 + 0 - -2 - (6 - -1) - -8?
-3
What is the value of 3 + (-6 - (-106 + 0 + -1 + 4 + -7))?
107
(2 - -16) + -16 + (0 - -9) + 3 + 0
14
What is the value of (-33 + 12 - -15) + 1 + -5 + -5?
-15
What is 141 + -124 + (-8 - 80) + 8?
-63
-110 + (85 - 47) - -35
-37
What is the value of (-9 - (-6 - (20 + -18))) + 3 + -89 - -3?
-84
(-12 + -64 - -84) + (-16 - 2) + 0 + 27
17
Evaluate -3 - ((18 - (67 + -39)) + -105).
112
27 + -4 + -10 + -8 - -3 - -12
20
Calculate -2 + (0 - (0 + -1)) + -31 + (103 - 80).
-9
(10 - 2) + -2 + (-256 - -123 - -133)
6
What is -1 - ((-18 - (70 - 26)) + (3 - 0) + -2)?
60
What is the value of 2 - ((35 - -27) + (7 - 6 - (12 - 2)))?
-51
What is the value of 23 + (-19 - 8) + 9 + -9 + 1?
-3
-11 - 0 - (12 - 1 - (130 - 42 - 99))
-33
Evaluate (-17 - (2 + 1)) + -28 + (-7 - -21 - -15).
-19
Calculate (18 - (-7 - (7 - -18))) + -2.
48
Calculate -134 - -129 - (-2 + -7 + -58).
62
What is -31 + 45 - (23 + (5 - -9))?
-23
-23 - (-2 + -2 + 2 + -26 + 40)
-35
Calculate -12 + -66 + 15 + 1 + -16.
-78
What is the value of -47 + 39 + 2 + (4 - 3)?
-5
Calculate (11 - 3) + (10 - (-18 + 13 - 31)).
54
What is (873 - (37 + 888)) + (-1 - -1 - (-5 + -2))?
-45
What is 6 + -7 + -12 - (-6 + -6 + (-47 - -12))?
34
Evaluate (19911 - 19858 - (0 - 0 - 7 - -1)) + -3.
56
What is the value of -110 + -47 + 130 + -68?
-95
What is (2 - 4) + (15 - 0) + 228 + -238 + 59?
62
What is the value of -33 - (10 + (75 - 143))?
25
Calculate 57 + (-176 - -31) + 129.
41
Calculate 8 + -66 + 23 - -46.
11
What is -10 - ((-5 - 20) + 2 + 14) - (51 - 1)?
-51
Evaluate (-9 - (0 + 1)) + (1478 - 1500).
-32
What is 41 + -38 + (-33 - -35)?
5
What is the value of 0 - 16 - (-230 + -308 + 504)?
18
What is 8 + (7 - -17 - (-60 + 71))?
21
What is the value of 55 + 13 + -51 + 38?
55
What is the value of (14 - 2) + -2 - (-30 + -38 + 98 + -31)?
11
Calculate (-29 - 1 - -42 - 53) + 52.
11
Evaluate (3 - -2) + (7 - (11 - (6 + 7))) + -2.
12
Evaluate (0 - 1) + 2 + (45 + 2 - (665 - 680)).
63
What is the value of (36 - (39 + -11)) + 20 + (0 + -1 - -6)?
33
Evaluate 24 + (-22 - 42 - -28).
-12
What is the value of -32 + (-8 - -8) + 75 - (-1 + 18)?
26
(-54 - -42) + -24 + 67
31
What is (4 - -3) + 28 + -44 + 37?
28
What is -2613 + 2590 - (-8 - -85)?
-100
118 + -27 - 144 - -143
90
What is -14 + (-72 - -35) + 37?
-14
What is the value of (-2 + 31 - (32 - 14)) + 66 - (8 - -3)?
66
Calculate 98 + (-47 + 11 - (-14 - 35)).
111
83 + 34 + 17 + -130
4
Calculate -10 - (-59 + 1 - (-3 - (-11 + 17))).
39
What is -3 + 24 + 24 - (0 + (9 - (4 - 5)))?
35
What is (-7032 - -7056) + 1 + 2 + 2?
29
What is the value of (-1 + 31 - (-283 + 308)) + 78?
83
What is the value of 33 + (-18 + 96 - 43)?
68
Evaluate (5 + -2 - 11) + -4 - (412 - 435).
11
What is 217 - (-6 - -258) - (-1 - 127)?
93
(92 - 0) + (2716 - 2731)
77
(-62 - (-40 + -24)) + 14 + -3 - -3
16
What is -17 - -20 - (-7 - (-5 + 2)) - -2?
9
Evaluate 0 + (-9 + 0 - (-49 - 40)) + -44 + 41.
77
Evaluate 112 + -23 - 121 - (-70 + 1).
37
Calculate (1 - -14) + -3 + -73 + 38 - 9.
-32
Calculate (1 - 22) + -1213 + 1170.
-64
Evaluate 9 + -51 - -101 - (-19 - (2 + -4)).
76
What is the value of (8 - 16) + 2 + 0 + (-148 - -195)?
41
What is 2 - (-8 + 13 + -7 + 5 + 54)?
-55
4 + 1 - 0 - (-1 - -11 - (-33 + -67))
-105
What is 5 - -216 - 71 - 84?
66
Calculate -108 - (100 + -46 - 224).
62
What is the value of -46 + 117 - (21 - -4)?
46
(-26 + 38 - (-3 + 8)) + (-17 - -19)
9
What is -25 + 10 + (-2 + -1 - (14 - 11))?
-21
What is 3 + 30 + -41 + -80?
-88
Calculate (3 - (2 + -2)) + (-13 - -11) + -8 + 10.
3
Evaluate 65 + -45 + -66 - -44 - (-2 - (2 - -1)).
3
What is 1 + 82 - (-1091 + 1147)?
27
What is 4 - ((-3 - 0) + 1) - (-159 + 450 + -276)?
-9
Evaluate (-14 - 1) + (556 - 446) - 27.
68
Calculate 332 + -338 + -14 + (-12 - -7).
-25
What is -124 + -5 + 380 + -375?
-124
What is the value of (-22 - 9) + (-21 - -9) - 13?
-56
(0 + 2 - -21 - 2) + (-3381 - -3377)
17
Calculate (-22 - (-251 - -236 - (1 - -2))) + -95.
-99
What is (-42 - 7) + (170 - 137)?
-16
Evaluate 35 + 4 + (13 + -25 - 14).
13
What is -45 + -36 + 61 + -11?
-31
What is the value of 30 + -17 + 46 - ((-9 - 1) + -1 - -1)?
69
Evaluate 89 + -3 + 0 - (22 - -47 - 38 - 37).
92
Calculate -114 - (-3 + (12 + -9 + (0 - 0) - 13)).
-101
Calculate -8 - (29 + -41 + 23 + 64).
-83
-9 + -21 + 20 + 19 - (-10 - -5)
14
What is the value of (-4 + -5 + 10 - (16 - 10)) + -28?
-33
Evaluate -4 + (-11 - -2) + 74 + (40 - 14) - -12.
99
(-24 - (-190 - -79)) + -2 + -6 + -1
78
821 + -850 + -24 + (6 - 4) + 1
-50
What is the value of -1 - -34 - (-402 + 429) - (-3 - -29)?
-20
What is the value of 7 + -1 + (-65 - -30) + (2 - 0)?
-27
Evaluate 4 + (1 - 2) + -7 + 11 - (343 + -361).
25
What is the value of -17 + -1 - (26 - 51 - -16) - -3?
-6
(-46 - -83) + -10 - 10
17
-1 + -56 + 1 - (5 - (44 - 31))
-48
What is (24 - 1) + (18 - (29 - 33))?
45
Calculate -24 - -38 - 58 - -40.
-4
187 + -200 + ((-17 - -5) + 5 - 3)
-23
What is -16 - (22 + (7 - -12 - 4) - 5)?
-48
(2 - (-4 - 7)) + (-4 - -12) - 8
13
-33 + 65 - (5 - 10)
37
What is -12 + -7 + (-79 + 44 - -52) - (0 + 112)?
-114
What is 14 - -1 - (-80 + 144 + -25)?
-24
Evaluate -19 - (0 + 21 - (-4 - 57) - -18).
-119
Calculate -23 + 9 + (-17 + (-3 - -23) - -78).
67
Calculate -17 + 2 + (36 - 31).
-10
17 + (-51 + 22 - -5 - -28) + -139
-118
What is the value of 19 - (-9 - (13 - 57)) - (8 - 91)?
67
46 + -1 - (69 + -48)
24
Calc